ose 0 = -0*v + 3*v + 5*v. Suppose -3*a - 47 = -4*m, v = m - 3*m + 2*a + 26. Calculate the remainder when 47 is divided by m.
7
Let i(y) = -y**3 + 32*y**2 + 40*y - 195. What is the remainder when 753 is divided by i(33)?
33
Let t be (-2)/(-8) + (-265)/20. Let g(h) = h**2 + 14*h + 18. Let n be g(t). Let o = n + 3. What is the remainder when 12 is divided by o?
4
Let m(v) = v**3 + 13*v**2 + 7*v - 15. Calculate the remainder when 52 is divided by m(-12).
7
Suppose -18*l + 351 = 9. What is the remainder when l is divided by 9?
1
Suppose 0*r + 5*r = -15. Let k(d) = 6*d**2 + 7*d + 12. Calculate the remainder when k(r) is divided by 23.
22
Let i be (2/(-4))/((-2)/(-20)). Let d(n) = 78*n + 48. Let y be d(-7). Calculate the remainder when 64 is divided by (-2)/i - y/30.
13
Suppose 494 = 7*x + 144. Let v = x - 45. Calculate the remainder when v is divided by 4.
1
Suppose 5*w + 5*h = 12445, 4982 = 3*w - w + h. Calculate the remainder when w is divided by 32.
29
Let o be -4 + (-4 - -10) + 71. Let v = o + -71. What is the remainder when 10 is divided by v?
0
Suppose -2*t + 8*h = 5*h - 19, 2*h = t - 11. Suppose 0 = 3*u - 2*u - 21. Calculate the remainder when u is divided by t.
1
Let y(q) = -20*q. Suppose -2306 = -186*n - 818. Calculate the remainder when y(-1) is divided by n.
4
Let z(y) = -15*y + 16. Let j be z(-6). Let m = j + -91. What is the remainder when m is divided by 9?
6
What is the remainder when 164 is divided by (52/(-6))/13*147/(-2)?
17
Let b = 94 - 81. Suppose -6 = 5*l + 2*h, -3*l - 2*h + 5*h - 12 = 0. Calculate the remainder when 1/l*(-73 - 1) is divided by b.
11
Let x(g) = 2*g**2 - 26*g - 129. What is the remainder when x(22) is divided by 27?
24
Let y = 49 - 45. What is the remainder when 31 is divided by y?
3
Suppose 4*g = 3*t - 74, 0 = -2*t - 0*t + 4*g + 44. Let r(j) = -5 - 3*j + 1 + 2. Calculate the remainder when t is divided by r(-6).
14
Let d = -50 - -34. Let u = d - -11. Let m = u + 15. Calculate the remainder when 39 is divided by m.
9
Suppose 3*p - 93 = -3*r, p + 118 - 45 = 3*r. What is the remainder when 76 is divided by r?
24
Suppose -114 = -4*y + 74. Calculate the remainder when 233 is divided by y.
45
Suppose 5*i = 20, -p = -i - 1 - 23. Calculate the remainder when p is divided by 20.
8
Suppose 2*z - 5*z = -81. Let d be ((-7)/2 + 4)/((-2)/96). Let s = -9 - d. What is the remainder when z is divided by s?
12
Suppose -4*d = 4*f - 540, -f + d = -49 - 78. Let c = f - 127. Calculate the remainder when 87 is divided by c.
3
Suppose 9*p = 4*p - 4*x, x + 5 = 0. Let o(s) = -p*s + 10 + 4*s + s. What is the remainder when 9 is divided by o(-5)?
4
Let x(c) = -7*c + 3. Suppose p + 13 = 48. Calculate the remainder when x(-6) is divided by (-2)/(-5) + 406/p.
9
Let k be 2 - -34*(-3)/(-2). Suppose -3*p + 4*s - 3 = -59, s = 4*p - k. Suppose 0 = -j + 95 - 48. Calculate the remainder when j is divided by p.
11
Let l(t) = -19*t + 6. Let a be 2*2/((-20)/15). What is the remainder when l(a) is divided by 16?
15
Let q(k) = k**3 - 8*k**2 + 19*k - 7. Calculate the remainder when 45 is divided by q(5).
6
Suppose h - 47 = -x, 0*x = 5*x - 25. Suppose -b = b + 2*r - h, -4*b = 2*r - 92. What is the remainder when b is divided by 7?
4
Let n(b) = b**2 - b + 50. Suppose -2*w + 4*w = 8, 19 = 3*u - 5*w. Calculate the remainder when n(0) is divided by u*((-2)/(-1) + -1).
11
Suppose -71*b = -50*b - 462. What is the remainder when 569 is divided by b?
19
Let m = -1197 + 1428. Calculate the remainder when m is divided by 116.
115
Suppose 208 = -354*b + 356*b. Let y = b - -175. What is the remainder when y is divided by 20?
19
Let s(u) = 18*u + 8. Let y be s(-9). Calculate the remainder when 3/((-7)/(y/6)) is divided by 6.
5
Let j be (51 - -3 - 1) + 2. Suppose -4*l - j = -9*l. Let u(i) = -i + 19. Calculate the remainder when 14 is divided by u(l).
6
Suppose 0 = -4*r, 2*f + 8 = -0*f - 5*r. Calculate the remainder when -51*(2 + (f - -3))*-1 is divided by 13.
12
Calculate the remainder when (3*2)/(-3 + 999/330) is divided by 17.
16
Let n = 52 - 47. What is the remainder when ((-57)/12 + 3)/(2/(-16)) is divided by n?
4
Suppose -15*j + 19*j - 184 = 0. Let m = -24 + 40. What is the remainder when j is divided by m?
14
Suppose -5*d - 4*g + 1060 = g, 2*d - 5*g = 445. What is the remainder when d is divided by 9?
8
Let x(j) = 4 - 3 + 4*j**2 + 3*j**2. What is the remainder when x(2) is divided by 16?
13
Let u(j) = -63*j**3 - 6*j**2 - 12*j - 7. What is the remainder when 91 is divided by u(-1)?
29
Suppose 0 = x + 4*v + 2, x - 2*x + v + 3 = 0. Suppose i + x*d = 0, -d = -2*i - 2*i + 9. Calculate the remainder when 12 is divided by i.
0
Let k = -134 - -246. Calculate the remainder when 334 is divided by k.
110
Suppose -1504 = 45*a - 14329. What is the remainder when a is divided by 13?
12
Let k be (-76)/10 - 1/5*2. What is the remainder when 39 is divided by 5/((-2)/k*1)?
19
Suppose 14*q - 477 = 993. Calculate the remainder when q is divided by 28.
21
Let v = -95 - -125. What is the remainder when 235 is divided by v?
25
Let y be 2 - (-5)/(10/6). Suppose -y + 1 = -2*m. Calculate the remainder when 38 is divided by (-1)/(0 + m/(-20)).
8
Let g(z) = -2*z - 19. Let o be g(-6). Let w(l) = -11*l - 11. Calculate the remainder when w(o) is divided by 23.
20
Suppose -2*q + 5*f + 65 = 0, -4*f + 21 = 2*q + 1. What is the remainder when 115 is divided by q?
15
Let l(y) = -y + 9. Let v(d) = d**3 - 5*d**2 + 6. Let h be v(5). Let n be l(h). Suppose t - n = 10. Calculate the remainder when 37 is divided by t.
11
Suppose -10*p = -0*p - 200. What is the remainder when p is divided by 1?
0
Suppose 5*f + 2*p + 10 - 55 = 0, -3*f + 5*p + 58 = 0. Suppose 2*q - 5*g = -0*q + 72, -5*g = -4*q + 134. Calculate the remainder when q is divided by f.
9
Let j(y) = y**3 + 7*y - 20. Calculate the remainder when 68 is divided by j(3).
12
Suppose 2*p - 57 = -0*p - 5*t, -2*p = -3*t - 49. What is the remainder when 35*(4/50)/((-20)/(-1100)) is divided by p?
24
Let h(i) = -i**2 - 14*i - 3. Calculate the remainder when h(-10) is divided by (-190)/57*(-12)/5.
5
Let w be 2 + (-2)/17 + (-32)/17. Suppose i = -w*i + 162. What is the remainder when i is divided by 33?
30
Let x = -300 + 352. What is the remainder when x is divided by 41?
11
Let s(y) = 3*y**3 - 7*y**2 - 22. Let j(z) = -21*z - 1. Calculate the remainder when s(4) is divided by j(-1).
18
Let j be 12 - (3 + (0 - 0)). Let o(s) = 3*s**2 - 2*s - 1. Let c be o(2). Suppose -48 = c*n - j*n. What is the remainder when 93 is divided by n?
21
Let z = 126 - 195. Let o = 87 + z. What is the remainder when o is divided by 5?
3
Suppose -u = 3*u - 296. Suppose -12 = 4*w, 2*w = -3*n + n + u. Let j = n - 25. Calculate the remainder when j is divided by 9.
6
Let t(k) = k**2 - 13*k + 11. What is the remainder when t(16) is divided by 10?
9
Let u(t) be the first derivative of -t**5/20 - t**4/3 - 7*t - 1. Let o(k) be the first derivative of u(k). What is the remainder when 72 is divided by o(-5)?
22
Suppose -3*u - 2*d + 0*d = -23, 4*d - 16 = 0. Let y(t) = -t**2 + 6*t + 35. What is the remainder when y(9) is divided by u?
3
Suppose 48 = -75*p + 83*p. Calculate the remainder when 238 is divided by p.
4
Let g = -31 + 80. Let m(v) = 4*v**2 - 3*v - 8. Let t be m(-4). Let b = -43 + t. What is the remainder when g is divided by b?
24
Suppose 7*o - 10*o = -159. Let a = 85 - o. Calculate the remainder when 93 is divided by a.
29
Suppose -8 - 47 = 5*q. What is the remainder when (-2)/q - (-16920)/110 is divided by 31?
30
Calculate the remainder when 785/9 + 250/(-1125) is divided by 35.
17
Let b(v) = -v**2 - 7*v - 5. Suppose 2*g - 10 = f - 3*f, -2*f - 40 = -3*g. Calculate the remainder when g is divided by b(-4).
3
Suppose 6*o = o. Suppose o = -3*f + 20 + 10. Calculate the remainder when ((-51)/(-2) - -2) + (-8)/16 is divided by f.
7
Let o(a) = a**2 - 7*a - 25. Let l be o(13). Let b = l - 34. What is the remainder when 46 is divided by b?
8
Let n(m) = m**3 - 6*m**2 - 3. Let v be n(3). Let j = 10 + 93. Let l = v + j. Calculate the remainder when l is divided by 19.
16
Let f(m) = -m**3 - 10*m**2 + 3. Let z be f(-10). Suppose -b - 4*u = 3*b + 8, 9 = -4*b - z*u. Calculate the remainder when 51 - (0 + b + 5) is divided by 13.
10
Calculate the remainder when ((-2)/(-6))/(16/2496) is divided by 